{"id":859,"date":"2020-06-21T21:29:33","date_gmt":"2020-06-21T18:29:33","guid":{"rendered":"https:\/\/www.taksvarkki.fi\/nepal2020\/?page_id=859"},"modified":"2025-05-21T11:29:43","modified_gmt":"2025-05-21T10:29:43","slug":"videomeddelanden","status":"publish","type":"page","link":"https:\/\/www.taksvarkki.fi\/kampanja2024\/sv\/videomeddelanden\/","title":{"rendered":"Videor fr\u00e5n unga"},"content":{"rendered":"\t\t<div data-elementor-type=\"wp-page\" data-elementor-id=\"859\" class=\"elementor elementor-859\">\n\t\t\t\t\t\t<section class=\"elementor-section elementor-top-section elementor-element elementor-element-cfae9b5 elementor-section-boxed elementor-section-height-default elementor-section-height-default\" data-id=\"cfae9b5\" data-element_type=\"section\" data-e-type=\"section\">\n\t\t\t\t\t\t<div class=\"elementor-container elementor-column-gap-default\">\n\t\t\t\t\t<div class=\"elementor-column elementor-col-100 elementor-top-column elementor-element elementor-element-f081e20\" data-id=\"f081e20\" data-element_type=\"column\" data-e-type=\"column\">\n\t\t\t<div class=\"elementor-widget-wrap elementor-element-populated\">\n\t\t\t\t\t\t<div class=\"elementor-element elementor-element-6f01eaa elementor-widget elementor-widget-text-editor\" data-id=\"6f01eaa\" data-element_type=\"widget\" data-e-type=\"widget\" data-widget_type=\"text-editor.default\">\n\t\t\t\t<div class=\"elementor-widget-container\">\n\t\t\t\t\t\t\t\t\t<p>I sina videoh\u00e4lsningar ber\u00e4ttar ungdomarna\u00a0<span style=\"color: var( --e-global-color-text ); font-family: var( --e-global-typography-text-font-family ), Sans-serif; font-weight: var( --e-global-typography-text-font-weight );\">fr\u00e5n Kenya<\/span><span style=\"color: var( --e-global-color-text ); font-family: var( --e-global-typography-text-font-family ), Sans-serif; font-weight: var( --e-global-typography-text-font-weight );\">\u00a0om sitt p\u00e5verkansarbete, utmaningar relaterade till trygghet samt deras visioner f\u00f6r framtiden.\u00a0<\/span><span style=\"color: var( --e-global-color-text ); font-family: var( --e-global-typography-text-font-family ), Sans-serif; font-weight: var( --e-global-typography-text-font-weight );\">Videon har svensk, finsk och engelsk textning.\u00a0<\/span><\/p><p><i><b>Anvisningar till textningen p\u00e5 Youtube<br \/><\/b><\/i><i>F\u00f6r att l\u00e4gga upp textningen, klicka p\u00e5 den vita rutan i nedre h\u00f6rnet till h\u00f6ger. Du kan v\u00e4lja mellan finska, svenska och engelska och anpassa storleken eller bakgrundsf\u00e4rgen under Textningen genom att klicka p\u00e5 kugghjule.<\/i><\/p>\t\t\t\t\t\t\t\t<\/div>\n\t\t\t\t<\/div>\n\t\t\t\t<div class=\"elementor-element elementor-element-589f30b elementor-widget elementor-widget-heading\" data-id=\"589f30b\" data-element_type=\"widget\" data-e-type=\"widget\" data-widget_type=\"heading.default\">\n\t\t\t\t<div class=\"elementor-widget-container\">\n\t\t\t\t\t<p class=\"elementor-heading-title elementor-size-default\"><span style=\"white-space: normal\"><b>1.&nbsp;<\/b><\/span><span>Dennis &amp; Tabitha (6 minuter)<\/span><\/p>\t\t\t\t<\/div>\n\t\t\t\t<\/div>\n\t\t\t\t<div class=\"elementor-element elementor-element-ecc4fd9 elementor-widget elementor-widget-html\" data-id=\"ecc4fd9\" data-element_type=\"widget\" data-e-type=\"widget\" data-widget_type=\"html.default\">\n\t\t\t\t<div class=\"elementor-widget-container\">\n\t\t\t\t\t<iframe width= \"860\" height= \"484\"  data-cookieconsent=\"statistics, marketing\" data-src=\"https:\/\/www.youtube.com\/embed\/NrGsLzzNJ3U\" title=\"YouTube video player\" frameborder=\"0\" allow=\"accelerometer; autoplay; clipboard-write; encrypted-media; gyroscope; picture-in-picture; web-share\" allowfullscreen><\/iframe><div class=\"cookieconsent-optout-statistics cookieconsent-optout-marketing\"><\/div>\t\t\t\t<\/div>\n\t\t\t\t<\/div>\n\t\t\t\t<div class=\"elementor-element elementor-element-9ab5ada elementor-widget elementor-widget-spacer\" data-id=\"9ab5ada\" data-element_type=\"widget\" data-e-type=\"widget\" data-widget_type=\"spacer.default\">\n\t\t\t\t<div class=\"elementor-widget-container\">\n\t\t\t\t\t\t\t<div class=\"elementor-spacer\">\n\t\t\t<div class=\"elementor-spacer-inner\"><\/div>\n\t\t<\/div>\n\t\t\t\t\t\t<\/div>\n\t\t\t\t<\/div>\n\t\t\t\t<div class=\"elementor-element elementor-element-8470901 elementor-widget elementor-widget-heading\" data-id=\"8470901\" data-element_type=\"widget\" data-e-type=\"widget\" data-widget_type=\"heading.default\">\n\t\t\t\t<div class=\"elementor-widget-container\">\n\t\t\t\t\t<p class=\"elementor-heading-title elementor-size-default\"><span style=\"white-space: normal\"><b>2. Moses (3 minuter)<\/b><\/span><\/p>\t\t\t\t<\/div>\n\t\t\t\t<\/div>\n\t\t\t\t<div class=\"elementor-element elementor-element-a114b89 elementor-widget elementor-widget-html\" data-id=\"a114b89\" data-element_type=\"widget\" data-e-type=\"widget\" data-widget_type=\"html.default\">\n\t\t\t\t<div class=\"elementor-widget-container\">\n\t\t\t\t\t<iframe width= \"860\" height= \"484\"  data-cookieconsent=\"statistics, marketing\" data-src=\"https:\/\/www.youtube.com\/embed\/nzLZB4Q2Sh8\" title=\"YouTube video player\" frameborder=\"0\" allow=\"accelerometer; autoplay; clipboard-write; encrypted-media; gyroscope; picture-in-picture; web-share\" allowfullscreen><\/iframe><div class=\"cookieconsent-optout-statistics cookieconsent-optout-marketing\"><\/div>\t\t\t\t<\/div>\n\t\t\t\t<\/div>\n\t\t\t\t<div class=\"elementor-element elementor-element-a3512ed elementor-widget elementor-widget-spacer\" data-id=\"a3512ed\" data-element_type=\"widget\" data-e-type=\"widget\" data-widget_type=\"spacer.default\">\n\t\t\t\t<div class=\"elementor-widget-container\">\n\t\t\t\t\t\t\t<div class=\"elementor-spacer\">\n\t\t\t<div class=\"elementor-spacer-inner\"><\/div>\n\t\t<\/div>\n\t\t\t\t\t\t<\/div>\n\t\t\t\t<\/div>\n\t\t\t\t<div class=\"elementor-element elementor-element-03b51b0 elementor-widget elementor-widget-heading\" data-id=\"03b51b0\" data-element_type=\"widget\" data-e-type=\"widget\" data-widget_type=\"heading.default\">\n\t\t\t\t<div class=\"elementor-widget-container\">\n\t\t\t\t\t<p class=\"elementor-heading-title elementor-size-default\"><span style=\"white-space: normal\"><b>3.&nbsp;<\/b><\/span><span>Fri fr\u00e5n r\u00e4dsla (kampanjtrailer, 1 minut)<\/span><\/p>\t\t\t\t<\/div>\n\t\t\t\t<\/div>\n\t\t\t\t<div class=\"elementor-element elementor-element-cb11628 elementor-widget elementor-widget-html\" data-id=\"cb11628\" data-element_type=\"widget\" data-e-type=\"widget\" data-widget_type=\"html.default\">\n\t\t\t\t<div class=\"elementor-widget-container\">\n\t\t\t\t\t<iframe width= \"860\" height= \"484\"  data-cookieconsent=\"statistics, marketing\" data-src=\"https:\/\/www.youtube.com\/embed\/Lj9jTIhhItM\" title=\"YouTube video player\" frameborder=\"0\" allow=\"accelerometer; autoplay; clipboard-write; encrypted-media; gyroscope; picture-in-picture; web-share\" allowfullscreen><\/iframe><div class=\"cookieconsent-optout-statistics cookieconsent-optout-marketing\"><\/div>\t\t\t\t<\/div>\n\t\t\t\t<\/div>\n\t\t\t\t<div class=\"elementor-element elementor-element-cffc108 elementor-widget elementor-widget-spacer\" data-id=\"cffc108\" data-element_type=\"widget\" data-e-type=\"widget\" data-widget_type=\"spacer.default\">\n\t\t\t\t<div class=\"elementor-widget-container\">\n\t\t\t\t\t\t\t<div class=\"elementor-spacer\">\n\t\t\t<div class=\"elementor-spacer-inner\"><\/div>\n\t\t<\/div>\n\t\t\t\t\t\t<\/div>\n\t\t\t\t<\/div>\n\t\t\t\t<div class=\"elementor-element elementor-element-85dc6eb elementor-widget elementor-widget-heading\" data-id=\"85dc6eb\" data-element_type=\"widget\" data-e-type=\"widget\" data-widget_type=\"heading.default\">\n\t\t\t\t<div class=\"elementor-widget-container\">\n\t\t\t\t\t<p class=\"elementor-heading-title elementor-size-default\"><span>4. Undugu Society<\/span><span>&nbsp;(4 minuter)<\/span><\/p>\t\t\t\t<\/div>\n\t\t\t\t<\/div>\n\t\t\t\t<div class=\"elementor-element elementor-element-98d26ba elementor-widget elementor-widget-html\" data-id=\"98d26ba\" data-element_type=\"widget\" data-e-type=\"widget\" data-widget_type=\"html.default\">\n\t\t\t\t<div class=\"elementor-widget-container\">\n\t\t\t\t\t<iframe width= \"860\" height= \"484\"  data-cookieconsent=\"statistics, marketing\" data-src=\"https:\/\/www.youtube.com\/embed\/mzTkPe5lrN4\" title=\"YouTube video player\" frameborder=\"0\" allow=\"accelerometer; autoplay; clipboard-write; encrypted-media; gyroscope; picture-in-picture; web-share\" allowfullscreen><\/iframe><div class=\"cookieconsent-optout-statistics cookieconsent-optout-marketing\"><\/div>\t\t\t\t<\/div>\n\t\t\t\t<\/div>\n\t\t\t\t\t<\/div>\n\t\t<\/div>\n\t\t\t\t\t<\/div>\n\t\t<\/section>\n\t\t\t\t<section class=\"elementor-section elementor-top-section elementor-element elementor-element-f430283 elementor-section-boxed elementor-section-height-default elementor-section-height-default\" data-id=\"f430283\" data-element_type=\"section\" data-e-type=\"section\">\n\t\t\t\t\t\t<div class=\"elementor-container elementor-column-gap-default\">\n\t\t\t\t\t<div class=\"elementor-column elementor-col-100 elementor-top-column elementor-element elementor-element-7324623\" data-id=\"7324623\" data-element_type=\"column\" data-e-type=\"column\">\n\t\t\t<div class=\"elementor-widget-wrap\">\n\t\t\t\t\t\t\t<\/div>\n\t\t<\/div>\n\t\t\t\t\t<\/div>\n\t\t<\/section>\n\t\t\t\t<section class=\"elementor-section elementor-top-section elementor-element elementor-element-ab84aa5 elementor-section-boxed elementor-section-height-default elementor-section-height-default\" data-id=\"ab84aa5\" data-element_type=\"section\" data-e-type=\"section\">\n\t\t\t\t\t\t<div class=\"elementor-container elementor-column-gap-default\">\n\t\t\t\t\t<div class=\"elementor-column elementor-col-100 elementor-top-column elementor-element elementor-element-cdab741\" data-id=\"cdab741\" data-element_type=\"column\" data-e-type=\"column\" data-settings=\"{&quot;background_background&quot;:&quot;classic&quot;}\">\n\t\t\t<div class=\"elementor-widget-wrap elementor-element-populated\">\n\t\t\t\t\t\t<section class=\"elementor-section elementor-inner-section elementor-element elementor-element-c6e6674 elementor-section-boxed elementor-section-height-default elementor-section-height-default\" data-id=\"c6e6674\" data-element_type=\"section\" data-e-type=\"section\">\n\t\t\t\t\t\t<div class=\"elementor-container elementor-column-gap-default\">\n\t\t\t\t\t<div class=\"elementor-column elementor-col-33 elementor-inner-column elementor-element elementor-element-c2508d9\" data-id=\"c2508d9\" data-element_type=\"column\" data-e-type=\"column\">\n\t\t\t<div class=\"elementor-widget-wrap elementor-element-populated\">\n\t\t\t\t\t\t<div class=\"elementor-element elementor-element-8fb3d5c elementor-widget elementor-widget-image\" data-id=\"8fb3d5c\" data-element_type=\"widget\" data-e-type=\"widget\" data-widget_type=\"image.default\">\n\t\t\t\t<div class=\"elementor-widget-container\">\n\t\t\t\t\t\t\t\t\t\t\t\t\t\t\t<img fetchpriority=\"high\" decoding=\"async\" width=\"300\" height=\"300\" src=\"https:\/\/www.taksvarkki.fi\/kampanja2024\/wp-content\/uploads\/sites\/17\/2024\/08\/taksvarkki_Moses1-300x300.jpg\" class=\"attachment-medium size-medium wp-image-5355\" alt=\"Nuoren kasvokuva.\" srcset=\"https:\/\/www.taksvarkki.fi\/kampanja2024\/wp-content\/uploads\/sites\/17\/2024\/08\/taksvarkki_Moses1-300x300.jpg 300w, https:\/\/www.taksvarkki.fi\/kampanja2024\/wp-content\/uploads\/sites\/17\/2024\/08\/taksvarkki_Moses1-150x150.jpg 150w, https:\/\/www.taksvarkki.fi\/kampanja2024\/wp-content\/uploads\/sites\/17\/2024\/08\/taksvarkki_Moses1.jpg 656w\" sizes=\"(max-width: 300px) 100vw, 300px\" \/>\t\t\t\t\t\t\t\t\t\t\t\t\t\t\t<\/div>\n\t\t\t\t<\/div>\n\t\t\t\t\t<\/div>\n\t\t<\/div>\n\t\t\t\t<div class=\"elementor-column elementor-col-66 elementor-inner-column elementor-element elementor-element-9e4258b\" data-id=\"9e4258b\" data-element_type=\"column\" data-e-type=\"column\">\n\t\t\t<div class=\"elementor-widget-wrap elementor-element-populated\">\n\t\t\t\t\t\t<div class=\"elementor-element elementor-element-7195eac elementor-widget elementor-widget-text-editor\" data-id=\"7195eac\" data-element_type=\"widget\" data-e-type=\"widget\" data-widget_type=\"text-editor.default\">\n\t\t\t\t<div class=\"elementor-widget-container\">\n\t\t\t\t\t\t\t\t\t<p>&#8221;Jag k\u00e4nner mig bara trygg n\u00e4r jag \u00e4r p\u00e5 v\u00e5r bas med mina v\u00e4nner. Jag k\u00e4nner mig mest bekv\u00e4m n\u00e4r jag \u00e4r med dem.&#8221;<\/p><p><b>Moses, 20, Nairobi<\/b><\/p>\t\t\t\t\t\t\t\t<\/div>\n\t\t\t\t<\/div>\n\t\t\t\t\t<\/div>\n\t\t<\/div>\n\t\t\t\t\t<\/div>\n\t\t<\/section>\n\t\t\t\t\t<\/div>\n\t\t<\/div>\n\t\t\t\t\t<\/div>\n\t\t<\/section>\n\t\t\t\t<section class=\"elementor-section elementor-top-section elementor-element elementor-element-7d46789 elementor-section-boxed elementor-section-height-default elementor-section-height-default\" data-id=\"7d46789\" data-element_type=\"section\" data-e-type=\"section\">\n\t\t\t\t\t\t<div class=\"elementor-container elementor-column-gap-default\">\n\t\t\t\t\t<div class=\"elementor-column elementor-col-100 elementor-top-column elementor-element elementor-element-d96b7b9\" data-id=\"d96b7b9\" data-element_type=\"column\" data-e-type=\"column\" data-settings=\"{&quot;background_background&quot;:&quot;classic&quot;}\">\n\t\t\t<div class=\"elementor-widget-wrap elementor-element-populated\">\n\t\t\t\t\t\t<section class=\"elementor-section elementor-inner-section elementor-element elementor-element-a320dc0 elementor-section-boxed elementor-section-height-default elementor-section-height-default\" data-id=\"a320dc0\" data-element_type=\"section\" data-e-type=\"section\">\n\t\t\t\t\t\t<div class=\"elementor-container elementor-column-gap-default\">\n\t\t\t\t\t<div class=\"elementor-column elementor-col-33 elementor-inner-column elementor-element elementor-element-5bf5544\" data-id=\"5bf5544\" data-element_type=\"column\" data-e-type=\"column\">\n\t\t\t<div class=\"elementor-widget-wrap elementor-element-populated\">\n\t\t\t\t\t\t<div class=\"elementor-element elementor-element-715a511 elementor-widget elementor-widget-image\" data-id=\"715a511\" data-element_type=\"widget\" data-e-type=\"widget\" data-widget_type=\"image.default\">\n\t\t\t\t<div class=\"elementor-widget-container\">\n\t\t\t\t\t\t\t\t\t\t\t\t\t\t\t<img decoding=\"async\" width=\"300\" height=\"300\" src=\"https:\/\/www.taksvarkki.fi\/kampanja2024\/wp-content\/uploads\/sites\/17\/2024\/08\/taksvarkki_Dennis1-300x300.jpg\" class=\"attachment-medium size-medium wp-image-5346\" alt=\"Nuoren kasvokuva.\" srcset=\"https:\/\/www.taksvarkki.fi\/kampanja2024\/wp-content\/uploads\/sites\/17\/2024\/08\/taksvarkki_Dennis1-300x300.jpg 300w, https:\/\/www.taksvarkki.fi\/kampanja2024\/wp-content\/uploads\/sites\/17\/2024\/08\/taksvarkki_Dennis1-150x150.jpg 150w, https:\/\/www.taksvarkki.fi\/kampanja2024\/wp-content\/uploads\/sites\/17\/2024\/08\/taksvarkki_Dennis1.jpg 711w\" sizes=\"(max-width: 300px) 100vw, 300px\" \/>\t\t\t\t\t\t\t\t\t\t\t\t\t\t\t<\/div>\n\t\t\t\t<\/div>\n\t\t\t\t\t<\/div>\n\t\t<\/div>\n\t\t\t\t<div class=\"elementor-column elementor-col-66 elementor-inner-column elementor-element elementor-element-ba5f772\" data-id=\"ba5f772\" data-element_type=\"column\" data-e-type=\"column\">\n\t\t\t<div class=\"elementor-widget-wrap elementor-element-populated\">\n\t\t\t\t\t\t<div class=\"elementor-element elementor-element-a35c48d elementor-widget elementor-widget-text-editor\" data-id=\"a35c48d\" data-element_type=\"widget\" data-e-type=\"widget\" data-widget_type=\"text-editor.default\">\n\t\t\t\t<div class=\"elementor-widget-container\">\n\t\t\t\t\t\t\t\t\t<p><span style=\"color: var( --e-global-color-text ); font-family: var( --e-global-typography-text-font-family ), Sans-serif; font-weight: var( --e-global-typography-text-font-weight );\">\u201dJag skulle vilja ber\u00e4tta f\u00f6r ungdomar i Finland, att skillnaderna mellan oss kenyaner och er kan vara spr\u00e5k, hemland och hudf\u00e4rg. Men n\u00e4r vi pratar om ungdomar s\u00e5 tillh\u00f6r vi alla samma grupp. Oavsett vilka utmaningar unga m\u00e4nniskor i Finland st\u00e5r inf\u00f6r, m\u00f6ter vi dem ocks\u00e5 h\u00e4r.<\/span><span style=\"color: var( --e-global-color-text ); font-family: var( --e-global-typography-text-font-family ), Sans-serif; font-weight: var( --e-global-typography-text-font-weight );\">\u201d\u00a0<\/span><\/p><p><span style=\"color: var( --e-global-color-text ); font-family: var( --e-global-typography-text-font-family ), Sans-serif;\"><b>Dennis, 20, Nairobi<\/b><\/span><\/p>\t\t\t\t\t\t\t\t<\/div>\n\t\t\t\t<\/div>\n\t\t\t\t\t<\/div>\n\t\t<\/div>\n\t\t\t\t\t<\/div>\n\t\t<\/section>\n\t\t\t\t\t<\/div>\n\t\t<\/div>\n\t\t\t\t\t<\/div>\n\t\t<\/section>\n\t\t\t\t<\/div>\n\t\t","protected":false},"excerpt":{"rendered":"<p>I sina videoh\u00e4lsningar ber\u00e4ttar ungdomarna\u00a0fr\u00e5n Kenya\u00a0om sitt p\u00e5verkansarbete, utmaningar relaterade till trygghet samt deras visioner f\u00f6r framtiden.\u00a0Videon har svensk, finsk och engelsk textning.\u00a0 Anvisningar till textningen p\u00e5 YoutubeF\u00f6r att l\u00e4gga upp textningen, klicka p\u00e5 den vita rutan i nedre h\u00f6rnet till h\u00f6ger. Du kan v\u00e4lja mellan finska, svenska och engelska och anpassa storleken eller bakgrundsf\u00e4rgen &#8230; <a title=\"Videor fr\u00e5n unga\" class=\"read-more\" href=\"https:\/\/www.taksvarkki.fi\/kampanja2024\/sv\/videomeddelanden\/\" aria-label=\"Lue lis\u00e4\u00e4 aiheesta Videor fr\u00e5n unga\">Lue lis\u00e4\u00e4<\/a><\/p>\n","protected":false},"author":18,"featured_media":0,"parent":0,"menu_order":0,"comment_status":"closed","ping_status":"closed","template":"","meta":{"footnotes":""},"class_list":["post-859","page","type-page","status-publish"],"yoast_head":"<!-- This site is optimized with the Yoast SEO plugin v27.3 - https:\/\/yoast.com\/product\/yoast-seo-wordpress\/ -->\n<title>Videomeddelanden fr\u00e5n unga - Fri f\u00e5n r\u00e4dsla - Kom med i Dagsverke!<\/title>\n<meta name=\"description\" content=\"I sina videoh\u00e4lsningar ber\u00e4ttar ungdomarna fr\u00e5n Kenya om utmaningar relaterade till trygghet samt deras visioner f\u00f6r framtiden.\" \/>\n<meta name=\"robots\" content=\"index, follow, max-snippet:-1, max-image-preview:large, max-video-preview:-1\" \/>\n<link rel=\"canonical\" href=\"https:\/\/www.taksvarkki.fi\/kampanja2024\/sv\/videomeddelanden\/\" \/>\n<meta property=\"og:locale\" content=\"fi_FI\" \/>\n<meta property=\"og:type\" content=\"article\" \/>\n<meta property=\"og:title\" content=\"Videomeddelanden fr\u00e5n unga - Fri f\u00e5n r\u00e4dsla - Kom med i Dagsverke!\" \/>\n<meta property=\"og:description\" content=\"I sina videoh\u00e4lsningar ber\u00e4ttar ungdomarna fr\u00e5n Kenya om utmaningar relaterade till trygghet samt deras visioner f\u00f6r framtiden.\" \/>\n<meta property=\"og:url\" content=\"https:\/\/www.taksvarkki.fi\/kampanja2024\/sv\/videomeddelanden\/\" \/>\n<meta property=\"og:site_name\" content=\"Kun ei tarvii pel\u00e4t\u00e4\" \/>\n<meta property=\"article:modified_time\" content=\"2025-05-21T10:29:43+00:00\" \/>\n<meta property=\"og:image\" content=\"https:\/\/www.taksvarkki.fi\/kampanja2024\/wp-content\/uploads\/sites\/17\/2024\/08\/taksvarkki_Moses1.jpg\" \/>\n\t<meta property=\"og:image:width\" content=\"656\" \/>\n\t<meta property=\"og:image:height\" content=\"655\" \/>\n\t<meta property=\"og:image:type\" content=\"image\/jpeg\" \/>\n<meta name=\"twitter:card\" content=\"summary_large_image\" \/>\n<meta name=\"twitter:label1\" content=\"Arvioitu lukuaika\" \/>\n\t<meta name=\"twitter:data1\" content=\"2 minuuttia\" \/>\n<script type=\"application\/ld+json\" class=\"yoast-schema-graph\">{\"@context\":\"https:\\\/\\\/schema.org\",\"@graph\":[{\"@type\":\"WebPage\",\"@id\":\"https:\\\/\\\/www.taksvarkki.fi\\\/kampanja2024\\\/sv\\\/videomeddelanden\\\/\",\"url\":\"https:\\\/\\\/www.taksvarkki.fi\\\/kampanja2024\\\/sv\\\/videomeddelanden\\\/\",\"name\":\"Videomeddelanden fr\u00e5n unga - Fri f\u00e5n r\u00e4dsla - Kom med i Dagsverke!\",\"isPartOf\":{\"@id\":\"https:\\\/\\\/www.taksvarkki.fi\\\/kampanja2024\\\/#website\"},\"primaryImageOfPage\":{\"@id\":\"https:\\\/\\\/www.taksvarkki.fi\\\/kampanja2024\\\/sv\\\/videomeddelanden\\\/#primaryimage\"},\"image\":{\"@id\":\"https:\\\/\\\/www.taksvarkki.fi\\\/kampanja2024\\\/sv\\\/videomeddelanden\\\/#primaryimage\"},\"thumbnailUrl\":\"https:\\\/\\\/www.taksvarkki.fi\\\/kampanja2024\\\/wp-content\\\/uploads\\\/sites\\\/17\\\/2024\\\/08\\\/taksvarkki_Moses1-300x300.jpg\",\"datePublished\":\"2020-06-21T18:29:33+00:00\",\"dateModified\":\"2025-05-21T10:29:43+00:00\",\"description\":\"I sina videoh\u00e4lsningar ber\u00e4ttar ungdomarna fr\u00e5n Kenya om utmaningar relaterade till trygghet samt deras visioner f\u00f6r framtiden.\",\"breadcrumb\":{\"@id\":\"https:\\\/\\\/www.taksvarkki.fi\\\/kampanja2024\\\/sv\\\/videomeddelanden\\\/#breadcrumb\"},\"inLanguage\":\"fi\",\"potentialAction\":[{\"@type\":\"ReadAction\",\"target\":[\"https:\\\/\\\/www.taksvarkki.fi\\\/kampanja2024\\\/sv\\\/videomeddelanden\\\/\"]}]},{\"@type\":\"ImageObject\",\"inLanguage\":\"fi\",\"@id\":\"https:\\\/\\\/www.taksvarkki.fi\\\/kampanja2024\\\/sv\\\/videomeddelanden\\\/#primaryimage\",\"url\":\"https:\\\/\\\/www.taksvarkki.fi\\\/kampanja2024\\\/wp-content\\\/uploads\\\/sites\\\/17\\\/2024\\\/08\\\/taksvarkki_Moses1.jpg\",\"contentUrl\":\"https:\\\/\\\/www.taksvarkki.fi\\\/kampanja2024\\\/wp-content\\\/uploads\\\/sites\\\/17\\\/2024\\\/08\\\/taksvarkki_Moses1.jpg\",\"width\":656,\"height\":655,\"caption\":\"Nuoren kasvokuva.\"},{\"@type\":\"BreadcrumbList\",\"@id\":\"https:\\\/\\\/www.taksvarkki.fi\\\/kampanja2024\\\/sv\\\/videomeddelanden\\\/#breadcrumb\",\"itemListElement\":[{\"@type\":\"ListItem\",\"position\":1,\"name\":\"Home\",\"item\":\"https:\\\/\\\/www.taksvarkki.fi\\\/kampanja2024\\\/\"},{\"@type\":\"ListItem\",\"position\":2,\"name\":\"Videor fr\u00e5n unga\"}]},{\"@type\":\"WebSite\",\"@id\":\"https:\\\/\\\/www.taksvarkki.fi\\\/kampanja2024\\\/#website\",\"url\":\"https:\\\/\\\/www.taksvarkki.fi\\\/kampanja2024\\\/\",\"name\":\"Kun ei tarvii pel\u00e4t\u00e4\",\"description\":\"Taksv\u00e4rkki-kampanja 2024\u20132025\",\"potentialAction\":[{\"@type\":\"SearchAction\",\"target\":{\"@type\":\"EntryPoint\",\"urlTemplate\":\"https:\\\/\\\/www.taksvarkki.fi\\\/kampanja2024\\\/?s={search_term_string}\"},\"query-input\":{\"@type\":\"PropertyValueSpecification\",\"valueRequired\":true,\"valueName\":\"search_term_string\"}}],\"inLanguage\":\"fi\"}]}<\/script>\n<!-- \/ Yoast SEO plugin. -->","yoast_head_json":{"title":"Videomeddelanden fr\u00e5n unga - Fri f\u00e5n r\u00e4dsla - Kom med i Dagsverke!","description":"I sina videoh\u00e4lsningar ber\u00e4ttar ungdomarna fr\u00e5n Kenya om utmaningar relaterade till trygghet samt deras visioner f\u00f6r framtiden.","robots":{"index":"index","follow":"follow","max-snippet":"max-snippet:-1","max-image-preview":"max-image-preview:large","max-video-preview":"max-video-preview:-1"},"canonical":"https:\/\/www.taksvarkki.fi\/kampanja2024\/sv\/videomeddelanden\/","og_locale":"fi_FI","og_type":"article","og_title":"Videomeddelanden fr\u00e5n unga - Fri f\u00e5n r\u00e4dsla - Kom med i Dagsverke!","og_description":"I sina videoh\u00e4lsningar ber\u00e4ttar ungdomarna fr\u00e5n Kenya om utmaningar relaterade till trygghet samt deras visioner f\u00f6r framtiden.","og_url":"https:\/\/www.taksvarkki.fi\/kampanja2024\/sv\/videomeddelanden\/","og_site_name":"Kun ei tarvii pel\u00e4t\u00e4","article_modified_time":"2025-05-21T10:29:43+00:00","og_image":[{"width":656,"height":655,"url":"https:\/\/www.taksvarkki.fi\/kampanja2024\/wp-content\/uploads\/sites\/17\/2024\/08\/taksvarkki_Moses1.jpg","type":"image\/jpeg"}],"twitter_card":"summary_large_image","twitter_misc":{"Arvioitu lukuaika":"2 minuuttia"},"schema":{"@context":"https:\/\/schema.org","@graph":[{"@type":"WebPage","@id":"https:\/\/www.taksvarkki.fi\/kampanja2024\/sv\/videomeddelanden\/","url":"https:\/\/www.taksvarkki.fi\/kampanja2024\/sv\/videomeddelanden\/","name":"Videomeddelanden fr\u00e5n unga - Fri f\u00e5n r\u00e4dsla - Kom med i Dagsverke!","isPartOf":{"@id":"https:\/\/www.taksvarkki.fi\/kampanja2024\/#website"},"primaryImageOfPage":{"@id":"https:\/\/www.taksvarkki.fi\/kampanja2024\/sv\/videomeddelanden\/#primaryimage"},"image":{"@id":"https:\/\/www.taksvarkki.fi\/kampanja2024\/sv\/videomeddelanden\/#primaryimage"},"thumbnailUrl":"https:\/\/www.taksvarkki.fi\/kampanja2024\/wp-content\/uploads\/sites\/17\/2024\/08\/taksvarkki_Moses1-300x300.jpg","datePublished":"2020-06-21T18:29:33+00:00","dateModified":"2025-05-21T10:29:43+00:00","description":"I sina videoh\u00e4lsningar ber\u00e4ttar ungdomarna fr\u00e5n Kenya om utmaningar relaterade till trygghet samt deras visioner f\u00f6r framtiden.","breadcrumb":{"@id":"https:\/\/www.taksvarkki.fi\/kampanja2024\/sv\/videomeddelanden\/#breadcrumb"},"inLanguage":"fi","potentialAction":[{"@type":"ReadAction","target":["https:\/\/www.taksvarkki.fi\/kampanja2024\/sv\/videomeddelanden\/"]}]},{"@type":"ImageObject","inLanguage":"fi","@id":"https:\/\/www.taksvarkki.fi\/kampanja2024\/sv\/videomeddelanden\/#primaryimage","url":"https:\/\/www.taksvarkki.fi\/kampanja2024\/wp-content\/uploads\/sites\/17\/2024\/08\/taksvarkki_Moses1.jpg","contentUrl":"https:\/\/www.taksvarkki.fi\/kampanja2024\/wp-content\/uploads\/sites\/17\/2024\/08\/taksvarkki_Moses1.jpg","width":656,"height":655,"caption":"Nuoren kasvokuva."},{"@type":"BreadcrumbList","@id":"https:\/\/www.taksvarkki.fi\/kampanja2024\/sv\/videomeddelanden\/#breadcrumb","itemListElement":[{"@type":"ListItem","position":1,"name":"Home","item":"https:\/\/www.taksvarkki.fi\/kampanja2024\/"},{"@type":"ListItem","position":2,"name":"Videor fr\u00e5n unga"}]},{"@type":"WebSite","@id":"https:\/\/www.taksvarkki.fi\/kampanja2024\/#website","url":"https:\/\/www.taksvarkki.fi\/kampanja2024\/","name":"Kun ei tarvii pel\u00e4t\u00e4","description":"Taksv\u00e4rkki-kampanja 2024\u20132025","potentialAction":[{"@type":"SearchAction","target":{"@type":"EntryPoint","urlTemplate":"https:\/\/www.taksvarkki.fi\/kampanja2024\/?s={search_term_string}"},"query-input":{"@type":"PropertyValueSpecification","valueRequired":true,"valueName":"search_term_string"}}],"inLanguage":"fi"}]}},"_links":{"self":[{"href":"https:\/\/www.taksvarkki.fi\/kampanja2024\/wp-json\/wp\/v2\/pages\/859","targetHints":{"allow":["GET"]}}],"collection":[{"href":"https:\/\/www.taksvarkki.fi\/kampanja2024\/wp-json\/wp\/v2\/pages"}],"about":[{"href":"https:\/\/www.taksvarkki.fi\/kampanja2024\/wp-json\/wp\/v2\/types\/page"}],"author":[{"embeddable":true,"href":"https:\/\/www.taksvarkki.fi\/kampanja2024\/wp-json\/wp\/v2\/users\/18"}],"replies":[{"embeddable":true,"href":"https:\/\/www.taksvarkki.fi\/kampanja2024\/wp-json\/wp\/v2\/comments?post=859"}],"version-history":[{"count":78,"href":"https:\/\/www.taksvarkki.fi\/kampanja2024\/wp-json\/wp\/v2\/pages\/859\/revisions"}],"predecessor-version":[{"id":5854,"href":"https:\/\/www.taksvarkki.fi\/kampanja2024\/wp-json\/wp\/v2\/pages\/859\/revisions\/5854"}],"wp:attachment":[{"href":"https:\/\/www.taksvarkki.fi\/kampanja2024\/wp-json\/wp\/v2\/media?parent=859"}],"curies":[{"name":"wp","href":"https:\/\/api.w.org\/{rel}","templated":true}]}}